{"id":81741,"date":"2019-01-31T16:30:40","date_gmt":"2019-01-31T15:30:40","guid":{"rendered":"https:\/\/www.diagonale.at\/ueber-bilder-projizierte-weiblichkeiten\/"},"modified":"2022-10-18T13:10:55","modified_gmt":"2022-10-18T11:10:55","slug":"ueber-bilder-projizierte-weiblichkeiten","status":"publish","type":"page","link":"https:\/\/www.diagonale.at\/en\/ueber-bilder-projizierte-weiblichkeiten\/","title":{"rendered":"\u00dcber-Bilder: Projected Feminity(ies)"},"content":{"rendered":"<pre>xxx<\/pre>\n<div class=\"mceTemp\"><\/div>\n<div id=\"attachment_57837\" style=\"width: 534px\" class=\"wp-caption alignnone\"><img loading=\"lazy\" decoding=\"async\" aria-describedby=\"caption-attachment-57837\" class=\"wp-image-57837 size-large\" src=\"http:\/\/www.diagonale.at\/wp-content\/uploads\/2019\/02\/Models_1_c_1200x800-524x349.jpg\" alt=\"\" width=\"524\" height=\"349\" srcset=\"https:\/\/www.diagonale.at\/wp-content\/uploads\/2019\/02\/Models_1_c_1200x800-524x349.jpg 524w, https:\/\/www.diagonale.at\/wp-content\/uploads\/2019\/02\/Models_1_c_1200x800-368x245.jpg 368w, https:\/\/www.diagonale.at\/wp-content\/uploads\/2019\/02\/Models_1_c_1200x800-176x117.jpg 176w, https:\/\/www.diagonale.at\/wp-content\/uploads\/2019\/02\/Models_1_c_1200x800-768x512.jpg 768w, https:\/\/www.diagonale.at\/wp-content\/uploads\/2019\/02\/Models_1_c_1200x800.jpg 1200w\" sizes=\"(max-width: 524px) 100vw, 524px\" \/><p id=\"caption-attachment-57837\" class=\"wp-caption-text\">Models \u00a9 MR-Film<\/p><\/div>\n<p class=\"null\"><strong>A joint special by the Diagonale, Filmarchiv\u00a0Austria, the Austrian Film Museum, and the ORF Archive.<\/strong><\/p>\n<p class=\"null\">The Diagonale\u2019s historical special, which will focus on projections of feminity(ies) in 2019, is breaking new ground as the first \u201cprogram of many.\u201d It would be hard to find another theme that the film branch has given more attention to in recent years than that of the relationship of the sexes, in general, and the question of the role of women, in particular.\u00a0 Currently, the debate about women in film revolves largely around the issue of whether and how women make pictures, in both a cultural and film-political sense \u2013 that is, quotas, concrete role assignments, and pay. At the same time, women are also simultaneously making pictures \u2013 even when films are made by men: pictures of women. Or: notions of femininity and femininities.<\/p>\n<p>Starting from an essay in which author Michelle Koch and film journalist Alexandra Zawia sketch out their thoughts on the status quo of the debates, the Diagonale has invited \u2013 along with the authors and the partner archives \u2013 more than ten personalities familiar with Austrian film, to react to the essay, each in a separate program slot: Whether they agree, reject, comment on, or supplement the essay is left up to those invited. With the cooperation of Austria\u2019s central archives for motion picture \u2013 Filmarchiv Austria, Austrian Film Museum, and the ORF Archive \u2013 selected films from all genres, lengths, and historical epochs will be screened.<\/p>\n<div id=\"attachment_56360\" style=\"width: 534px\" class=\"wp-caption alignnone\"><img loading=\"lazy\" decoding=\"async\" aria-describedby=\"caption-attachment-56360\" class=\"size-large wp-image-56360\" src=\"http:\/\/www.diagonale.at\/wp-content\/uploads\/2019\/01\/Das-schreiben-und-das-schweigen_c_Carmen-Tartarotti-524x357.png\" alt=\"\" width=\"524\" height=\"357\" srcset=\"https:\/\/www.diagonale.at\/wp-content\/uploads\/2019\/01\/Das-schreiben-und-das-schweigen_c_Carmen-Tartarotti-524x357.png 524w, https:\/\/www.diagonale.at\/wp-content\/uploads\/2019\/01\/Das-schreiben-und-das-schweigen_c_Carmen-Tartarotti-368x251.png 368w, https:\/\/www.diagonale.at\/wp-content\/uploads\/2019\/01\/Das-schreiben-und-das-schweigen_c_Carmen-Tartarotti-176x120.png 176w, https:\/\/www.diagonale.at\/wp-content\/uploads\/2019\/01\/Das-schreiben-und-das-schweigen_c_Carmen-Tartarotti-768x523.png 768w, https:\/\/www.diagonale.at\/wp-content\/uploads\/2019\/01\/Das-schreiben-und-das-schweigen_c_Carmen-Tartarotti.png 777w\" sizes=\"(max-width: 524px) 100vw, 524px\" \/><p id=\"caption-attachment-56360\" class=\"wp-caption-text\"><em>Das Schreiben und das Schweigen<\/em> \u00a9 Carmen Tartarotti<\/p><\/div>\n<p><u>Film program: \u00dcber-Bilder: Projected Feminity(ies)<\/u><br \/>\nSelected by <strong>Michelle Koch<\/strong> (author)<br \/>\n\u2014\u00a0<em>Models<\/em> (D: Ulrich Seidl, AT 1998)<br \/>\n\u2014\u00a0Supporting film: <em>sexy<\/em> (D: Kurdwin Ayub, AT 2013)<\/p>\n<p>Selected by <strong>Amina Handke <\/strong>(artist) and <strong>Asl\u0131 K\u0131\u015flal <\/strong>(actress and stage director)<br \/>\n\u2014 <em>Die<\/em> <em>Ahnfrau<\/em> (D: Louise Kolm-Fleck, AT 1919)<br \/>\nLive commentary by Amina Handke and Asl\u0131 K\u0131\u015flal<br \/>\n\u2014\u00a0Before the screening: book presentation of <a href=\"https:\/\/www.mandelbaum.at\/buch.php?id=895&amp;menu=buecher\" target=\"_blank\" rel=\"noopener\">\u201c<\/a><a href=\"https:\/\/www.mandelbaum.at\/buch.php?id=895&amp;menu=buecher\" target=\"_blank\" rel=\"noopener\">Louise, Licht und Schatten. Die Filmpionierin Louise Kolm-Fleck<\/a><a href=\"https:\/\/www.mandelbaum.at\/buch.php?id=895&amp;menu=buecher\" target=\"_blank\" rel=\"noopener\">\u201d<\/a> by Uli J\u00fcrgens (Mandelbaum Verlag, Vienna 2019)<\/p>\n<p>Selected by <strong>Karola Gramann<\/strong> (film curator, lecturer at the Goethe University Frankfurt and also artistic director of the Kinothek Asta Nielsen) and <strong>Heide Schl\u00fcpmann<\/strong> (philosopher and film scholar)<br \/>\n\u2014 Short film program \u201cEs hat mich sehr gefreut\u201d<br \/>\n\u2014\u2014\u2014\u00a0<em>Anna<\/em> (D: Linda Christanell, AT 1980\/81)<br \/>\n\u2014\u2014\u2014\u00a0<em>Die Geburt der Venus<\/em> (D: Moucle Blackout, AT 1970-72)<br \/>\n\u2014\u2014\u2014\u00a0<em>The Four Corners of the World<\/em> (D: Lisl Ponger, AT 1981)<br \/>\n\u2014\u2014\u2014 <em>Selfportrait<\/em> (D: Maria Lassnig, AT 1972)<br \/>\n\u2014\u2014\u2014\u00a0<em>Kugelkopf<\/em> (D: Mara Mattuschka, AT 1985)<br \/>\n\u2014\u2014\u2014\u00a0<em>Super-8-Girl Games<\/em> (D: Angela Hans Scheirl, Ursula P\u00fcrrer, AT 1985)<br \/>\n\u2014\u2014\u2014\u00a0<em>Gezacktes Rinnsal schleicht sich schamlos schenkeln\u00e4ssend an<\/em> (D: Angela Hans Scheirl, Ursula P\u00fcrrer, AT 1985)<br \/>\n\u2014\u2014\u2014\u00a0<em>Es hat mich sehr gefreut<\/em> (D: Mara Mattuschka, AT 1987)<\/p>\n<p>Selected by <strong>Diskollektiv<\/strong>: <strong>Andrey Arnold <\/strong>(film journalist for, among others, Die Presse, jugendohnefilm.com, perlentaucher.de), <strong>Valerie Dirk<\/strong> (film scholar), <strong>Iris Fraueneder<\/strong> (film scholar), <strong>Martin Thomson<\/strong> (film scholar and critic, previously for Schnitt and Falter, among others, now for Die Presse), <strong>Ulrike Wirth<\/strong> (film scholar)<br \/>\n\u2014\u00a0Trouble Feature:<br \/>\n<em>Die Praxis der Liebe<\/em> (D: Valie Export, AT 1984\/85) and international surprise film<br \/>\nAn experimental double event, followed by a discussion<\/p>\n<p>Selected by <strong>Alexandra Seibel <\/strong>(film journalist and author)<br \/>\n\u2014\u00a0<em>Vorstadtvariet\u00e9 \u2013 Die Amsel von Lichtental<\/em> (D: Werner Hochbaum, AT 1935)<br \/>\n\u2014\u00a0<em>Maskerade<\/em> (D: Willi Forst, AT 1934)<\/p>\n<p>Selected by <strong>Alexandra Zawia<\/strong> (film journalist) and <strong>Camillo Foramitti<\/strong> (curator, director of the ORF Archive editorial staff\/multimedia archive)<br \/>\n\u2014\u00a0<em>Ein ganz normaler Tag<\/em> from the ORF series \u201cGeschichten aus \u00d6sterreich\u201d (D: Heide Pils, AT 1977)<br \/>\n\u2014\u00a0Supporting film 1: Edited clips from the ORF show <em>Club 2<\/em>: \u201cFrauenbilder, Bilderfrauen \u2013 Das Bild der Frau in den Medien\u201d (AT 1981)<br \/>\n\u2014\u00a0Supporting film 2: Clips from the ORF women\u2019s show <em>Prisma<\/em> (AT 1981)<br \/>\nIn conclusion: Diagonale im Dialog with Heide Pils, Trautl Brandstaller, and Waltraud Langer<\/p>\n<p>Selected by <strong>Stefan Ruzowitzky<\/strong> (filmmaker)<br \/>\n\u2014\u00a0<em>In 3 Tagen bist du tot<\/em> (D: Andreas Prochaska, AT 2006)<\/p>\n<p>Selected by <strong>Birgit Kohler <\/strong>(co-director of Arsenal \u2013 Institute for Film and Video Art in Berlin and currently interim head of the Berlinale Forum section)<br \/>\n\u2014 <em>Kurz davor ist es passiert<\/em> (D: Anja Salomonowitz, AT 2006)<\/p>\n<p>Selected by <strong>Felicitas Thun-Hohenstein<\/strong> (curator of the Austrian pavilion at the Venice Biennale 2019, author and professor at the Academy of Fine Arts Vienna) and <strong>Renate Bertlmann<\/strong> (artist, design of the Austrian pavilion at the Venice Biennale 2019)<br \/>\n\u2014 Short film program \u201cFEMALE CODES\u201d<br \/>\n\u2014\u2014\u2014\u00a0<em>Parole Rosette<\/em> (D: Katrina Daschner, AT 2012)<br \/>\n\u2014\u2014\u2014\u00a0<em>\u2026 an exile \u2026<\/em> (D: Carola Dertnig, AT 2013)<br \/>\n\u2014\u2014\u2014\u00a0<em>Strangers<\/em> (D: Carola Dertnig, AT 2013)<br \/>\n\u2014\u2014\u2014\u00a0<em>HORSE\u2019S GLORY<\/em> (D: Elisabeth von Samsonow, AT 2015)<br \/>\n\u2014\u2014\u2014\u00a0<em>AN OBJECT WITH A SHARP BEGINNING<\/em> (D: Fanni Futterknecht, AT 2014)<\/p>\n<p>Selected by <strong>Anja Plaschg<\/strong> (musician, Soap&amp;Skin)<br \/>\n\u2014 <em>Das Schreiben und das Schweigen<\/em> (D: Carmen Tartarotti, AT\/IT\/DE 2009)<\/p>\n<div id=\"attachment_56551\" style=\"width: 534px\" class=\"wp-caption alignnone\"><img loading=\"lazy\" decoding=\"async\" aria-describedby=\"caption-attachment-56551\" class=\"wp-image-56551 size-large\" src=\"http:\/\/www.diagonale.at\/wp-content\/uploads\/2019\/02\/in3tagen14-524x349.jpg\" alt=\"\" width=\"524\" height=\"349\" srcset=\"https:\/\/www.diagonale.at\/wp-content\/uploads\/2019\/02\/in3tagen14-524x349.jpg 524w, https:\/\/www.diagonale.at\/wp-content\/uploads\/2019\/02\/in3tagen14-368x245.jpg 368w, https:\/\/www.diagonale.at\/wp-content\/uploads\/2019\/02\/in3tagen14-176x117.jpg 176w, https:\/\/www.diagonale.at\/wp-content\/uploads\/2019\/02\/in3tagen14-768x512.jpg 768w, https:\/\/www.diagonale.at\/wp-content\/uploads\/2019\/02\/in3tagen14-1536x1024.jpg 1536w, https:\/\/www.diagonale.at\/wp-content\/uploads\/2019\/02\/in3tagen14-2048x1365.jpg 2048w\" sizes=\"(max-width: 524px) 100vw, 524px\" \/><p id=\"caption-attachment-56551\" class=\"wp-caption-text\">In 3 Tagen bist du tot \u00a9 Filmladen Filmverleih<\/p><\/div>\n<p>In addition, several films in the <u>In Reference<\/u> series are closely associated with the historical special: Otto Preminger\u2019s <em>Bonjour Tristesse<\/em>, G\u00fcnter Peter Straschek\u2019s <em>Hurra f\u00fcr Frau E.<\/em>, Hans-J\u00fcrgen Syberberg\u2019s <em>Romy \u2013 Portrait eines Gesichts<\/em>, Emily Atef\u2019s <em>3 Tage in Quiberon<\/em>, Paul Poet\u2019s <em>My Talk with Florence <\/em>(film concert with Alec Empire and DVD media book presentation), and a mutual short film program by the Medienwerkstatt Wien and the Golden Pixel Cooperative also link up thematically with the historical special.<\/p>\n<p>Further reading on the historical special can also be found in the Diagonale\u201919 catalogue, published by <a href=\"http:\/\/czernin-verlag.com\/buch\/diagonale-19\" target=\"_blank\" rel=\"noopener\">Czernin Verlag<\/a>. The catalogue contains an essay by Michelle Koch and Alexandra Zawia as well as texts by the program organizers on the selected films.<\/p>\n<p>&nbsp;<\/p>\n<pre>xxx<\/pre>\n<p>&nbsp;<\/p>\n","protected":false},"excerpt":{"rendered":"<p> A joint special by the Diagonale, Filmarchiv\u00a0Austria, the Austrian Film Museum, and the ORF Archive. The Diagonale\u2019s historical special, which will focus on projections of feminity(ies) in 2019, is breaking new ground as the first \u201cprogram of many.\u201d It would be hard to find another theme that the film branch has given more attention [&hellip;]<\/p>\n","protected":false},"author":39,"featured_media":0,"parent":0,"menu_order":0,"comment_status":"closed","ping_status":"closed","template":"","meta":{"footnotes":""},"class_list":["post-81741","page","type-page","status-publish","hentry"],"_links":{"self":[{"href":"https:\/\/www.diagonale.at\/en\/wp-json\/wp\/v2\/pages\/81741","targetHints":{"allow":["GET"]}}],"collection":[{"href":"https:\/\/www.diagonale.at\/en\/wp-json\/wp\/v2\/pages"}],"about":[{"href":"https:\/\/www.diagonale.at\/en\/wp-json\/wp\/v2\/types\/page"}],"author":[{"embeddable":true,"href":"https:\/\/www.diagonale.at\/en\/wp-json\/wp\/v2\/users\/39"}],"replies":[{"embeddable":true,"href":"https:\/\/www.diagonale.at\/en\/wp-json\/wp\/v2\/comments?post=81741"}],"version-history":[{"count":0,"href":"https:\/\/www.diagonale.at\/en\/wp-json\/wp\/v2\/pages\/81741\/revisions"}],"wp:attachment":[{"href":"https:\/\/www.diagonale.at\/en\/wp-json\/wp\/v2\/media?parent=81741"}],"curies":[{"name":"wp","href":"https:\/\/api.w.org\/{rel}","templated":true}]}}

Über-Bilder: Projected Feminity(ies)

<pre>xxx</pre>
<div class="mceTemp"></div>
<div id="attachment_57837" style="width: 534px" class="wp-caption alignnone"><img loading="lazy" decoding="async" aria-describedby="caption-attachment-57837" class="wp-image-57837 size-large" src="http://www.diagonale.at/wp-content/uploads/2019/02/Models_1_c_1200x800-524x349.jpg" alt="" width="524" height="349" srcset="https://www.diagonale.at/wp-content/uploads/2019/02/Models_1_c_1200x800-524x349.jpg 524w, https://www.diagonale.at/wp-content/uploads/2019/02/Models_1_c_1200x800-368x245.jpg 368w, https://www.diagonale.at/wp-content/uploads/2019/02/Models_1_c_1200x800-176x117.jpg 176w, https://www.diagonale.at/wp-content/uploads/2019/02/Models_1_c_1200x800-768x512.jpg 768w, https://www.diagonale.at/wp-content/uploads/2019/02/Models_1_c_1200x800.jpg 1200w" sizes="(max-width: 524px) 100vw, 524px" /><p id="caption-attachment-57837" class="wp-caption-text">Models © MR-Film</p></div>
<p class="null"><strong>A joint special by the Diagonale, Filmarchiv Austria, the Austrian Film Museum, and the ORF Archive.</strong></p>
<p class="null">The Diagonale’s historical special, which will focus on projections of feminity(ies) in 2019, is breaking new ground as the first “program of many.” It would be hard to find another theme that the film branch has given more attention to in recent years than that of the relationship of the sexes, in general, and the question of the role of women, in particular.  Currently, the debate about women in film revolves largely around the issue of whether and how women make pictures, in both a cultural and film-political sense – that is, quotas, concrete role assignments, and pay. At the same time, women are also simultaneously making pictures – even when films are made by men: pictures of women. Or: notions of femininity and femininities.</p>
<p>Starting from an essay in which author Michelle Koch and film journalist Alexandra Zawia sketch out their thoughts on the status quo of the debates, the Diagonale has invited – along with the authors and the partner archives – more than ten personalities familiar with Austrian film, to react to the essay, each in a separate program slot: Whether they agree, reject, comment on, or supplement the essay is left up to those invited. With the cooperation of Austria’s central archives for motion picture – Filmarchiv Austria, Austrian Film Museum, and the ORF Archive – selected films from all genres, lengths, and historical epochs will be screened.</p>
<div id="attachment_56360" style="width: 534px" class="wp-caption alignnone"><img loading="lazy" decoding="async" aria-describedby="caption-attachment-56360" class="size-large wp-image-56360" src="http://www.diagonale.at/wp-content/uploads/2019/01/Das-schreiben-und-das-schweigen_c_Carmen-Tartarotti-524x357.png" alt="" width="524" height="357" srcset="https://www.diagonale.at/wp-content/uploads/2019/01/Das-schreiben-und-das-schweigen_c_Carmen-Tartarotti-524x357.png 524w, https://www.diagonale.at/wp-content/uploads/2019/01/Das-schreiben-und-das-schweigen_c_Carmen-Tartarotti-368x251.png 368w, https://www.diagonale.at/wp-content/uploads/2019/01/Das-schreiben-und-das-schweigen_c_Carmen-Tartarotti-176x120.png 176w, https://www.diagonale.at/wp-content/uploads/2019/01/Das-schreiben-und-das-schweigen_c_Carmen-Tartarotti-768x523.png 768w, https://www.diagonale.at/wp-content/uploads/2019/01/Das-schreiben-und-das-schweigen_c_Carmen-Tartarotti.png 777w" sizes="(max-width: 524px) 100vw, 524px" /><p id="caption-attachment-56360" class="wp-caption-text"><em>Das Schreiben und das Schweigen</em> © Carmen Tartarotti</p></div>
<p><u>Film program: Über-Bilder: Projected Feminity(ies)</u><br />
Selected by <strong>Michelle Koch</strong> (author)<br />
— <em>Models</em> (D: Ulrich Seidl, AT 1998)<br />
— Supporting film: <em>sexy</em> (D: Kurdwin Ayub, AT 2013)</p>
<p>Selected by <strong>Amina Handke </strong>(artist) and <strong>Aslı Kışlal </strong>(actress and stage director)<br />
— <em>Die</em> <em>Ahnfrau</em> (D: Louise Kolm-Fleck, AT 1919)<br />
Live commentary by Amina Handke and Aslı Kışlal<br />
— Before the screening: book presentation of <a href="https://www.mandelbaum.at/buch.php?id=895&amp;menu=buecher" target="_blank" rel="noopener">“</a><a href="https://www.mandelbaum.at/buch.php?id=895&amp;menu=buecher" target="_blank" rel="noopener">Louise, Licht und Schatten. Die Filmpionierin Louise Kolm-Fleck</a><a href="https://www.mandelbaum.at/buch.php?id=895&amp;menu=buecher" target="_blank" rel="noopener">”</a> by Uli Jürgens (Mandelbaum Verlag, Vienna 2019)</p>
<p>Selected by <strong>Karola Gramann</strong> (film curator, lecturer at the Goethe University Frankfurt and also artistic director of the Kinothek Asta Nielsen) and <strong>Heide Schlüpmann</strong> (philosopher and film scholar)<br />
— Short film program “Es hat mich sehr gefreut”<br />
——— <em>Anna</em> (D: Linda Christanell, AT 1980/81)<br />
——— <em>Die Geburt der Venus</em> (D: Moucle Blackout, AT 1970-72)<br />
——— <em>The Four Corners of the World</em> (D: Lisl Ponger, AT 1981)<br />
——— <em>Selfportrait</em> (D: Maria Lassnig, AT 1972)<br />
——— <em>Kugelkopf</em> (D: Mara Mattuschka, AT 1985)<br />
——— <em>Super-8-Girl Games</em> (D: Angela Hans Scheirl, Ursula Pürrer, AT 1985)<br />
——— <em>Gezacktes Rinnsal schleicht sich schamlos schenkelnässend an</em> (D: Angela Hans Scheirl, Ursula Pürrer, AT 1985)<br />
——— <em>Es hat mich sehr gefreut</em> (D: Mara Mattuschka, AT 1987)</p>
<p>Selected by <strong>Diskollektiv</strong>: <strong>Andrey Arnold </strong>(film journalist for, among others, Die Presse, jugendohnefilm.com, perlentaucher.de), <strong>Valerie Dirk</strong> (film scholar), <strong>Iris Fraueneder</strong> (film scholar), <strong>Martin Thomson</strong> (film scholar and critic, previously for Schnitt and Falter, among others, now for Die Presse), <strong>Ulrike Wirth</strong> (film scholar)<br />
— Trouble Feature:<br />
<em>Die Praxis der Liebe</em> (D: Valie Export, AT 1984/85) and international surprise film<br />
An experimental double event, followed by a discussion</p>
<p>Selected by <strong>Alexandra Seibel </strong>(film journalist and author)<br />
— <em>Vorstadtvarieté – Die Amsel von Lichtental</em> (D: Werner Hochbaum, AT 1935)<br />
— <em>Maskerade</em> (D: Willi Forst, AT 1934)</p>
<p>Selected by <strong>Alexandra Zawia</strong> (film journalist) and <strong>Camillo Foramitti</strong> (curator, director of the ORF Archive editorial staff/multimedia archive)<br />
— <em>Ein ganz normaler Tag</em> from the ORF series “Geschichten aus Österreich” (D: Heide Pils, AT 1977)<br />
— Supporting film 1: Edited clips from the ORF show <em>Club 2</em>: “Frauenbilder, Bilderfrauen – Das Bild der Frau in den Medien” (AT 1981)<br />
— Supporting film 2: Clips from the ORF women’s show <em>Prisma</em> (AT 1981)<br />
In conclusion: Diagonale im Dialog with Heide Pils, Trautl Brandstaller, and Waltraud Langer</p>
<p>Selected by <strong>Stefan Ruzowitzky</strong> (filmmaker)<br />
— <em>In 3 Tagen bist du tot</em> (D: Andreas Prochaska, AT 2006)</p>
<p>Selected by <strong>Birgit Kohler </strong>(co-director of Arsenal – Institute for Film and Video Art in Berlin and currently interim head of the Berlinale Forum section)<br />
— <em>Kurz davor ist es passiert</em> (D: Anja Salomonowitz, AT 2006)</p>
<p>Selected by <strong>Felicitas Thun-Hohenstein</strong> (curator of the Austrian pavilion at the Venice Biennale 2019, author and professor at the Academy of Fine Arts Vienna) and <strong>Renate Bertlmann</strong> (artist, design of the Austrian pavilion at the Venice Biennale 2019)<br />
— Short film program “FEMALE CODES”<br />
——— <em>Parole Rosette</em> (D: Katrina Daschner, AT 2012)<br />
——— <em>… an exile …</em> (D: Carola Dertnig, AT 2013)<br />
——— <em>Strangers</em> (D: Carola Dertnig, AT 2013)<br />
——— <em>HORSE’S GLORY</em> (D: Elisabeth von Samsonow, AT 2015)<br />
——— <em>AN OBJECT WITH A SHARP BEGINNING</em> (D: Fanni Futterknecht, AT 2014)</p>
<p>Selected by <strong>Anja Plaschg</strong> (musician, Soap&amp;Skin)<br />
— <em>Das Schreiben und das Schweigen</em> (D: Carmen Tartarotti, AT/IT/DE 2009)</p>
<div id="attachment_56551" style="width: 534px" class="wp-caption alignnone"><img loading="lazy" decoding="async" aria-describedby="caption-attachment-56551" class="wp-image-56551 size-large" src="http://www.diagonale.at/wp-content/uploads/2019/02/in3tagen14-524x349.jpg" alt="" width="524" height="349" srcset="https://www.diagonale.at/wp-content/uploads/2019/02/in3tagen14-524x349.jpg 524w, https://www.diagonale.at/wp-content/uploads/2019/02/in3tagen14-368x245.jpg 368w, https://www.diagonale.at/wp-content/uploads/2019/02/in3tagen14-176x117.jpg 176w, https://www.diagonale.at/wp-content/uploads/2019/02/in3tagen14-768x512.jpg 768w, https://www.diagonale.at/wp-content/uploads/2019/02/in3tagen14-1536x1024.jpg 1536w, https://www.diagonale.at/wp-content/uploads/2019/02/in3tagen14-2048x1365.jpg 2048w" sizes="(max-width: 524px) 100vw, 524px" /><p id="caption-attachment-56551" class="wp-caption-text">In 3 Tagen bist du tot © Filmladen Filmverleih</p></div>
<p>In addition, several films in the <u>In Reference</u> series are closely associated with the historical special: Otto Preminger’s <em>Bonjour Tristesse</em>, Günter Peter Straschek’s <em>Hurra für Frau E.</em>, Hans-Jürgen Syberberg’s <em>Romy – Portrait eines Gesichts</em>, Emily Atef’s <em>3 Tage in Quiberon</em>, Paul Poet’s <em>My Talk with Florence </em>(film concert with Alec Empire and DVD media book presentation), and a mutual short film program by the Medienwerkstatt Wien and the Golden Pixel Cooperative also link up thematically with the historical special.</p>
<p>Further reading on the historical special can also be found in the Diagonale’19 catalogue, published by <a href="http://czernin-verlag.com/buch/diagonale-19" target="_blank" rel="noopener">Czernin Verlag</a>. The catalogue contains an essay by Michelle Koch and Alexandra Zawia as well as texts by the program organizers on the selected films.</p>
<p>&nbsp;</p>
<pre>xxx</pre>
<p>&nbsp;</p>
